{"id":5159,"date":"2021-12-13T08:21:44","date_gmt":"2021-12-13T07:21:44","guid":{"rendered":"https:\/\/www.fwa-ffo.de\/wp2\/?page_id=5159"},"modified":"2022-03-22T13:56:24","modified_gmt":"2022-03-22T12:56:24","slug":"austausch-der-geblaeseaggregate-2","status":"publish","type":"page","link":"https:\/\/www.fwa-ffo.de\/wp2\/wissenswertes\/wissenswertes-archiv\/austausch-der-geblaeseaggregate-2\/","title":{"rendered":"Austausch der Gebl\u00e4seaggregate"},"content":{"rendered":"\t\t<div data-elementor-type=\"wp-page\" data-elementor-id=\"5159\" class=\"elementor elementor-5159\" data-elementor-post-type=\"page\">\n\t\t\t\t\t\t<section class=\"elementor-section elementor-top-section elementor-element elementor-element-fc94234 elementor-section-boxed elementor-section-height-default elementor-section-height-default\" data-id=\"fc94234\" data-element_type=\"section\" data-e-type=\"section\">\n\t\t\t\t\t\t<div class=\"elementor-container elementor-column-gap-default\">\n\t\t\t\t\t<div class=\"elementor-column elementor-col-100 elementor-top-column elementor-element elementor-element-4480b4a\" data-id=\"4480b4a\" data-element_type=\"column\" data-e-type=\"column\">\n\t\t\t<div class=\"elementor-widget-wrap elementor-element-populated\">\n\t\t\t\t\t\t<div class=\"elementor-element elementor-element-2442ede elementor-widget elementor-widget-heading\" data-id=\"2442ede\" data-element_type=\"widget\" data-e-type=\"widget\" data-widget_type=\"heading.default\">\n\t\t\t\t<div class=\"elementor-widget-container\">\n\t\t\t\t\t<h2 class=\"elementor-heading-title elementor-size-default\">Austausch der Gebl\u00e4seaggregate<br>auf der Kl\u00e4ranlage Frankfurt (Oder)<\/h2>\t\t\t\t<\/div>\n\t\t\t\t<\/div>\n\t\t\t\t<div class=\"elementor-element elementor-element-8df855a elementor-widget elementor-widget-spacer\" data-id=\"8df855a\" data-element_type=\"widget\" data-e-type=\"widget\" data-widget_type=\"spacer.default\">\n\t\t\t\t<div class=\"elementor-widget-container\">\n\t\t\t\t\t\t\t<div class=\"elementor-spacer\">\n\t\t\t<div class=\"elementor-spacer-inner\"><\/div>\n\t\t<\/div>\n\t\t\t\t\t\t<\/div>\n\t\t\t\t<\/div>\n\t\t\t\t<div class=\"elementor-element elementor-element-753b85e elementor-widget elementor-widget-text-editor\" data-id=\"753b85e\" data-element_type=\"widget\" data-e-type=\"widget\" data-widget_type=\"text-editor.default\">\n\t\t\t\t<div class=\"elementor-widget-container\">\n\t\t\t\t\t\t\t\t\t<p>In der biologischen Reinigungsstufe der Kl\u00e4ranlage Frankfurt (Oder) werden die organischen Stoffe durch Bakterien aufgenommen und abgebaut. Dabei findet der gleiche Reinigungsprozess wie in nat\u00fcrlichen Gew\u00e4ssern statt, nur dass dieser Prozess beschleunigt und auf engem Raum abl\u00e4uft. Gebl\u00e4seaggregate (Turbos) versorgen die Bakterien in den Belebungsbecken mit ausreichend Sauerstoff. Hierzu werden bis zu 6.000 m\u00b3\/h Umgebungsluft durch die Turbogebl\u00e4se angesaugt, auf ca. 600 mbar verdichtet und \u00fcber die neuen Fl\u00e4chenbel\u00fcfter feinblasig in die Belebungsbecken gedr\u00fcckt.<\/p>\t\t\t\t\t\t\t\t<\/div>\n\t\t\t\t<\/div>\n\t\t\t\t<div class=\"elementor-element elementor-element-0a18991 elementor-widget elementor-widget-spacer\" data-id=\"0a18991\" data-element_type=\"widget\" data-e-type=\"widget\" data-widget_type=\"spacer.default\">\n\t\t\t\t<div class=\"elementor-widget-container\">\n\t\t\t\t\t\t\t<div class=\"elementor-spacer\">\n\t\t\t<div class=\"elementor-spacer-inner\"><\/div>\n\t\t<\/div>\n\t\t\t\t\t\t<\/div>\n\t\t\t\t<\/div>\n\t\t\t\t<div class=\"elementor-element elementor-element-8e5fc34 elementor-widget elementor-widget-image\" data-id=\"8e5fc34\" data-element_type=\"widget\" data-e-type=\"widget\" data-widget_type=\"image.default\">\n\t\t\t\t<div class=\"elementor-widget-container\">\n\t\t\t\t\t\t\t\t\t\t\t\t<figure class=\"wp-caption\">\n\t\t\t\t\t\t\t\t\t\t<img fetchpriority=\"high\" decoding=\"async\" width=\"550\" height=\"286\" src=\"https:\/\/www.fwa-ffo.de\/wp2\/wp-content\/uploads\/Geblaeseaggregate_ka_alt.jpg\" class=\"attachment-full size-full wp-image-5161\" alt=\"Bild Die vier alten Turbos kurz vor der Umr\u00fcstung.\" \/>\t\t\t\t\t\t\t\t\t\t\t<figcaption class=\"widget-image-caption wp-caption-text\">Die vier alten Turbos kurz vor der Umr\u00fcstung.<\/figcaption>\n\t\t\t\t\t\t\t\t\t\t<\/figure>\n\t\t\t\t\t\t\t\t\t<\/div>\n\t\t\t\t<\/div>\n\t\t\t\t<div class=\"elementor-element elementor-element-3882986 elementor-widget elementor-widget-spacer\" data-id=\"3882986\" data-element_type=\"widget\" data-e-type=\"widget\" data-widget_type=\"spacer.default\">\n\t\t\t\t<div class=\"elementor-widget-container\">\n\t\t\t\t\t\t\t<div class=\"elementor-spacer\">\n\t\t\t<div class=\"elementor-spacer-inner\"><\/div>\n\t\t<\/div>\n\t\t\t\t\t\t<\/div>\n\t\t\t\t<\/div>\n\t\t\t\t<div class=\"elementor-element elementor-element-35af8da elementor-widget elementor-widget-text-editor\" data-id=\"35af8da\" data-element_type=\"widget\" data-e-type=\"widget\" data-widget_type=\"text-editor.default\">\n\t\t\t\t<div class=\"elementor-widget-container\">\n\t\t\t\t\t\t\t\t\t<p>Um die Becken weiterhin mit der optimalen Menge an Sauerstoff zu versorgen, wurden die inzwischen 19 Jahre alten Gebl\u00e4seaggregate, u.a. auch aus wirtschaftlichen Gr\u00fcnden (Reparaturkosten, Energieeinsparung), ausgetauscht.<\/p><p>Nach einer Ausschreibung wurde die Firma Atlas Copco Kompressoren und Drucklufttechnik GmbH mit der Erneuerung der Gebl\u00e4se beauftragt. Der Austausch der vier alten Turbogebl\u00e4se durch zwei leistungsf\u00e4higere, drehzahlgeregelte Turbogebl\u00e4se musste im laufenden Betrieb erfolgen, wodurch sich die Ma\u00dfnahme auf die Monate September und Oktober erstreckte.<\/p>\t\t\t\t\t\t\t\t<\/div>\n\t\t\t\t<\/div>\n\t\t\t\t<div class=\"elementor-element elementor-element-364fb72 elementor-widget elementor-widget-spacer\" data-id=\"364fb72\" data-element_type=\"widget\" data-e-type=\"widget\" data-widget_type=\"spacer.default\">\n\t\t\t\t<div class=\"elementor-widget-container\">\n\t\t\t\t\t\t\t<div class=\"elementor-spacer\">\n\t\t\t<div class=\"elementor-spacer-inner\"><\/div>\n\t\t<\/div>\n\t\t\t\t\t\t<\/div>\n\t\t\t\t<\/div>\n\t\t\t\t<div class=\"elementor-element elementor-element-1ccdd44 elementor-widget elementor-widget-image\" data-id=\"1ccdd44\" data-element_type=\"widget\" data-e-type=\"widget\" data-widget_type=\"image.default\">\n\t\t\t\t<div class=\"elementor-widget-container\">\n\t\t\t\t\t\t\t\t\t\t\t\t<figure class=\"wp-caption\">\n\t\t\t\t\t\t\t\t\t\t<img decoding=\"async\" width=\"550\" height=\"299\" src=\"https:\/\/www.fwa-ffo.de\/wp2\/wp-content\/uploads\/Geblaeseaggregate_ka_neu.jpg\" class=\"attachment-full size-full wp-image-5162\" alt=\"Bild Kompakt, \u00f6lfrei und leise. Die zwei neuen Gebl\u00e4seaggregate im Einsatz.\" \/>\t\t\t\t\t\t\t\t\t\t\t<figcaption class=\"widget-image-caption wp-caption-text\">Kompakt, \u00f6lfrei und leise. Die zwei neuen Gebl\u00e4se im Einsatz.<\/figcaption>\n\t\t\t\t\t\t\t\t\t\t<\/figure>\n\t\t\t\t\t\t\t\t\t<\/div>\n\t\t\t\t<\/div>\n\t\t\t\t<div class=\"elementor-element elementor-element-9cd5f7b elementor-widget elementor-widget-spacer\" data-id=\"9cd5f7b\" data-element_type=\"widget\" data-e-type=\"widget\" data-widget_type=\"spacer.default\">\n\t\t\t\t<div class=\"elementor-widget-container\">\n\t\t\t\t\t\t\t<div class=\"elementor-spacer\">\n\t\t\t<div class=\"elementor-spacer-inner\"><\/div>\n\t\t<\/div>\n\t\t\t\t\t\t<\/div>\n\t\t\t\t<\/div>\n\t\t\t\t<div class=\"elementor-element elementor-element-84da896 elementor-widget elementor-widget-text-editor\" data-id=\"84da896\" data-element_type=\"widget\" data-e-type=\"widget\" data-widget_type=\"text-editor.default\">\n\t\t\t\t<div class=\"elementor-widget-container\">\n\t\t\t\t\t\t\t\t\t<p>Derzeit haben beide Aggregate ihren Probebetrieb erfolgreich abgeschlossen und wurden in das Regelsystem der Kl\u00e4ranlage Frankfurt (Oder) eingebunden. Jeweils ein Turbo sorgt nun, effizient und vor allem unglaublich leise, f\u00fcr frische Luft in den drei Belebungsbecken. Investiert wurden f\u00fcr die gesamte Bauma\u00dfnahme ca. 150.000 Euro.<\/p>\t\t\t\t\t\t\t\t<\/div>\n\t\t\t\t<\/div>\n\t\t\t\t<div class=\"elementor-element elementor-element-b63cbd1 elementor-widget elementor-widget-spacer\" data-id=\"b63cbd1\" data-element_type=\"widget\" data-e-type=\"widget\" data-widget_type=\"spacer.default\">\n\t\t\t\t<div class=\"elementor-widget-container\">\n\t\t\t\t\t\t\t<div class=\"elementor-spacer\">\n\t\t\t<div class=\"elementor-spacer-inner\"><\/div>\n\t\t<\/div>\n\t\t\t\t\t\t<\/div>\n\t\t\t\t<\/div>\n\t\t\t\t\t<\/div>\n\t\t<\/div>\n\t\t\t\t\t<\/div>\n\t\t<\/section>\n\t\t\t\t<\/div>\n\t\t","protected":false},"excerpt":{"rendered":"<p>Austausch der Gebl\u00e4seaggregateauf der Kl\u00e4ranlage Frankfurt (Oder) In der biologischen Reinigungsstufe der Kl\u00e4ranlage Frankfurt (Oder) werden die organischen Stoffe durch Bakterien aufgenommen und abgebaut. Dabei findet der gleiche Reinigungsprozess wie in nat\u00fcrlichen Gew\u00e4ssern statt, nur dass dieser Prozess beschleunigt und auf engem Raum abl\u00e4uft. Gebl\u00e4seaggregate (Turbos) versorgen die Bakterien in den Belebungsbecken mit ausreichend Sauerstoff. [&hellip;]<\/p>\n","protected":false},"author":1,"featured_media":0,"parent":4449,"menu_order":0,"comment_status":"closed","ping_status":"closed","template":"","meta":{"footnotes":""},"class_list":["post-5159","page","type-page","status-publish","hentry"],"_links":{"self":[{"href":"https:\/\/www.fwa-ffo.de\/wp2\/wp-json\/wp\/v2\/pages\/5159","targetHints":{"allow":["GET"]}}],"collection":[{"href":"https:\/\/www.fwa-ffo.de\/wp2\/wp-json\/wp\/v2\/pages"}],"about":[{"href":"https:\/\/www.fwa-ffo.de\/wp2\/wp-json\/wp\/v2\/types\/page"}],"author":[{"embeddable":true,"href":"https:\/\/www.fwa-ffo.de\/wp2\/wp-json\/wp\/v2\/users\/1"}],"replies":[{"embeddable":true,"href":"https:\/\/www.fwa-ffo.de\/wp2\/wp-json\/wp\/v2\/comments?post=5159"}],"version-history":[{"count":0,"href":"https:\/\/www.fwa-ffo.de\/wp2\/wp-json\/wp\/v2\/pages\/5159\/revisions"}],"up":[{"embeddable":true,"href":"https:\/\/www.fwa-ffo.de\/wp2\/wp-json\/wp\/v2\/pages\/4449"}],"wp:attachment":[{"href":"https:\/\/www.fwa-ffo.de\/wp2\/wp-json\/wp\/v2\/media?parent=5159"}],"curies":[{"name":"wp","href":"https:\/\/api.w.org\/{rel}","templated":true}]}}