{"id":3027,"date":"2021-11-30T13:23:52","date_gmt":"2021-11-30T12:23:52","guid":{"rendered":"https:\/\/www.fwa-ffo.de\/wp2\/?page_id=3027"},"modified":"2022-03-21T12:50:27","modified_gmt":"2022-03-21T11:50:27","slug":"abwasseranschluss","status":"publish","type":"page","link":"https:\/\/www.fwa-ffo.de\/wp2\/abwasser\/abwasseranschluss\/","title":{"rendered":"Abwasseranschluss"},"content":{"rendered":"\t\t<div data-elementor-type=\"wp-page\" data-elementor-id=\"3027\" class=\"elementor elementor-3027\" data-elementor-post-type=\"page\">\n\t\t\t\t\t\t<section class=\"elementor-section elementor-top-section elementor-element elementor-element-e394b02 elementor-section-boxed elementor-section-height-default elementor-section-height-default\" data-id=\"e394b02\" data-element_type=\"section\" data-e-type=\"section\">\n\t\t\t\t\t\t<div class=\"elementor-container elementor-column-gap-default\">\n\t\t\t\t\t<div class=\"elementor-column elementor-col-100 elementor-top-column elementor-element elementor-element-cd569ff\" data-id=\"cd569ff\" data-element_type=\"column\" data-e-type=\"column\">\n\t\t\t<div class=\"elementor-widget-wrap elementor-element-populated\">\n\t\t\t\t\t\t<div class=\"elementor-element elementor-element-d00b9da elementor-widget elementor-widget-heading\" data-id=\"d00b9da\" data-element_type=\"widget\" data-e-type=\"widget\" data-widget_type=\"heading.default\">\n\t\t\t\t<div class=\"elementor-widget-container\">\n\t\t\t\t\t<h2 class=\"elementor-heading-title elementor-size-default\">Abwasseranschluss<\/h2>\t\t\t\t<\/div>\n\t\t\t\t<\/div>\n\t\t\t\t<div class=\"elementor-element elementor-element-034b109 elementor-widget elementor-widget-spacer\" data-id=\"034b109\" data-element_type=\"widget\" data-e-type=\"widget\" data-widget_type=\"spacer.default\">\n\t\t\t\t<div class=\"elementor-widget-container\">\n\t\t\t\t\t\t\t<div class=\"elementor-spacer\">\n\t\t\t<div class=\"elementor-spacer-inner\"><\/div>\n\t\t<\/div>\n\t\t\t\t\t\t<\/div>\n\t\t\t\t<\/div>\n\t\t\t\t<div class=\"elementor-element elementor-element-5b0d53b elementor-widget elementor-widget-heading\" data-id=\"5b0d53b\" data-element_type=\"widget\" data-e-type=\"widget\" data-widget_type=\"heading.default\">\n\t\t\t\t<div class=\"elementor-widget-container\">\n\t\t\t\t\t<h2 class=\"elementor-heading-title elementor-size-default\">Was muss ein Grundst\u00fcckseigent\u00fcmer \u00fcber den Anschluss seines Grundst\u00fccks an die Kanalisation wissen?<\/h2>\t\t\t\t<\/div>\n\t\t\t\t<\/div>\n\t\t\t\t<div class=\"elementor-element elementor-element-6d095d2 elementor-widget elementor-widget-spacer\" data-id=\"6d095d2\" data-element_type=\"widget\" data-e-type=\"widget\" data-widget_type=\"spacer.default\">\n\t\t\t\t<div class=\"elementor-widget-container\">\n\t\t\t\t\t\t\t<div class=\"elementor-spacer\">\n\t\t\t<div class=\"elementor-spacer-inner\"><\/div>\n\t\t<\/div>\n\t\t\t\t\t\t<\/div>\n\t\t\t\t<\/div>\n\t\t\t\t<div class=\"elementor-element elementor-element-9d77234 elementor-widget elementor-widget-text-editor\" data-id=\"9d77234\" data-element_type=\"widget\" data-e-type=\"widget\" data-widget_type=\"text-editor.default\">\n\t\t\t\t<div class=\"elementor-widget-container\">\n\t\t\t\t\t\t\t\t\t<p>Die Frankfurter Wasser- und Abwassergesellschaft mbH (FWA mbH) ist Betreiber der Anlagen der \u00f6ffentlichen Wasserversorgung und Abwasseranlagen f\u00fcr die St\u00e4dte Frankfurt (Oder) und M\u00fcllrose mit ihren Ortsteilen sowie die Gemeinde Jacobsdorf mit den OT Petersdorf, Jacobsdorf, Pillgram, Sieversdorf und die Gemeinde Briesen\/OT Biegen. Die FWA mbH hat die Aufgabe, die Versorgung mit Trinkwasser zu gew\u00e4hrleisten und das anfallende Abwasser, die F\u00e4kalien der abflusslosen Sammelgruben sowie den nicht separierten Kl\u00e4rschlamm aus Kleinkl\u00e4ranlagen und das anfallende Niederschlagswasser der Stadt Frankfurt (Oder) abzuleiten und zu reinigen.<\/p>\t\t\t\t\t\t\t\t<\/div>\n\t\t\t\t<\/div>\n\t\t\t\t<div class=\"elementor-element elementor-element-6ea8cd7 elementor-widget elementor-widget-spacer\" data-id=\"6ea8cd7\" data-element_type=\"widget\" data-e-type=\"widget\" data-widget_type=\"spacer.default\">\n\t\t\t\t<div class=\"elementor-widget-container\">\n\t\t\t\t\t\t\t<div class=\"elementor-spacer\">\n\t\t\t<div class=\"elementor-spacer-inner\"><\/div>\n\t\t<\/div>\n\t\t\t\t\t\t<\/div>\n\t\t\t\t<\/div>\n\t\t\t\t<div class=\"elementor-element elementor-element-31b4564 elementor-widget elementor-widget-heading\" data-id=\"31b4564\" data-element_type=\"widget\" data-e-type=\"widget\" data-widget_type=\"heading.default\">\n\t\t\t\t<div class=\"elementor-widget-container\">\n\t\t\t\t\t<h2 class=\"elementor-heading-title elementor-size-default\">Anschlussbedingungen<\/h2>\t\t\t\t<\/div>\n\t\t\t\t<\/div>\n\t\t\t\t<div class=\"elementor-element elementor-element-1a8942e elementor-widget elementor-widget-spacer\" data-id=\"1a8942e\" data-element_type=\"widget\" data-e-type=\"widget\" data-widget_type=\"spacer.default\">\n\t\t\t\t<div class=\"elementor-widget-container\">\n\t\t\t\t\t\t\t<div class=\"elementor-spacer\">\n\t\t\t<div class=\"elementor-spacer-inner\"><\/div>\n\t\t<\/div>\n\t\t\t\t\t\t<\/div>\n\t\t\t\t<\/div>\n\t\t\t\t<div class=\"elementor-element elementor-element-7cce6cd elementor-widget elementor-widget-text-editor\" data-id=\"7cce6cd\" data-element_type=\"widget\" data-e-type=\"widget\" data-widget_type=\"text-editor.default\">\n\t\t\t\t<div class=\"elementor-widget-container\">\n\t\t\t\t\t\t\t\t\t<p>Die kommunalen Satzungen \u00fcber den Anschluss an die \u00f6ffentlich vorhandene Abwasseranlage und ihre Benutzung besagen, dass Grundst\u00fccke, auf denen Abwasser anf\u00e4llt, an die \u00f6ffentlichen Entw\u00e4sserungsanlagen anzuschlie\u00dfen sind. Daf\u00fcr gelten die Allgemeinen Bedingungen der FWA mbH. F\u00fcr den Anschluss von Grundst\u00fccken an die zentralen Abwasseranlagen der FWA mbH sowie die Einleitung von Abwasser in die Anlagen der FWA mbH gelten die Abwasserentsorgungsbedingungen (AEB) vom 03.03.1995 in der g\u00fcltigen Fassung.<br \/><br \/>Jedes Grundst\u00fcck erh\u00e4lt einen eigenen Grundst\u00fccksanschluss. Als Grundst\u00fcck wird ohne\u00a0 R\u00fccksicht auf die Grundbucheintragung jeder zusammenh\u00e4ngende Besitz, der eine selbst\u00e4ndige wirtschaftliche Einheit bildet, bezeichnet. Nachbarliche Auseinandersetzungen, die sich aus einer Gemeinschaftsversorgung ergeben k\u00f6nnten, werden damit vermieden.<\/p>\t\t\t\t\t\t\t\t<\/div>\n\t\t\t\t<\/div>\n\t\t\t\t<div class=\"elementor-element elementor-element-2664de8 elementor-widget elementor-widget-spacer\" data-id=\"2664de8\" data-element_type=\"widget\" data-e-type=\"widget\" data-widget_type=\"spacer.default\">\n\t\t\t\t<div class=\"elementor-widget-container\">\n\t\t\t\t\t\t\t<div class=\"elementor-spacer\">\n\t\t\t<div class=\"elementor-spacer-inner\"><\/div>\n\t\t<\/div>\n\t\t\t\t\t\t<\/div>\n\t\t\t\t<\/div>\n\t\t\t\t<div class=\"elementor-element elementor-element-16ce73f elementor-widget elementor-widget-heading\" data-id=\"16ce73f\" data-element_type=\"widget\" data-e-type=\"widget\" data-widget_type=\"heading.default\">\n\t\t\t\t<div class=\"elementor-widget-container\">\n\t\t\t\t\t<h2 class=\"elementor-heading-title elementor-size-default\">Anschlussarten<\/h2>\t\t\t\t<\/div>\n\t\t\t\t<\/div>\n\t\t\t\t<div class=\"elementor-element elementor-element-57c4c15 elementor-widget elementor-widget-spacer\" data-id=\"57c4c15\" data-element_type=\"widget\" data-e-type=\"widget\" data-widget_type=\"spacer.default\">\n\t\t\t\t<div class=\"elementor-widget-container\">\n\t\t\t\t\t\t\t<div class=\"elementor-spacer\">\n\t\t\t<div class=\"elementor-spacer-inner\"><\/div>\n\t\t<\/div>\n\t\t\t\t\t\t<\/div>\n\t\t\t\t<\/div>\n\t\t\t\t<div class=\"elementor-element elementor-element-5656814 elementor-widget elementor-widget-text-editor\" data-id=\"5656814\" data-element_type=\"widget\" data-e-type=\"widget\" data-widget_type=\"text-editor.default\">\n\t\t\t\t<div class=\"elementor-widget-container\">\n\t\t\t\t\t\t\t\t\t<p>Die Entw\u00e4sserung erfolgt entsprechend den Vorgaben der FWA mbH nach dem Trennverfahren oder nach dem Mischverfahren im freien Gef\u00e4lle bzw. \u00fcber eine Hebeanlage (Druckentw\u00e4sserung).<br \/><br \/>In Gebieten des Trennsystems werden Schmutzwasser und Regenwasser in zwei voneinander getrennten Kanalisationssystemen abgeleitet. In diesen Gebieten erhalten die Grundst\u00fccke je einen Anschluss an die Schmutz- und soweit erforderlich, an die Regenwasserkanalisation. In Gebieten des Mischsystems werden Schmutz- und Regenwasser gemeinsam in einem Kanal abgeleitet.<br \/><br \/>Die Druckentw\u00e4sserung ist ein System von Pumpstationen, \u00fcber die Grundst\u00fccke entw\u00e4ssert werden, die in eine \u00f6ffentliche Druckrohrleitung f\u00f6rdern. Wird bei tiefer liegenden Grundst\u00fccken der Grundst\u00fccksanschluss an die Sammelleitung nicht im freien Gef\u00e4lle erreicht, ist durch den Eigent\u00fcmer eine Hebeanlage in eigener Verantwortung zu realisieren.<\/p>\t\t\t\t\t\t\t\t<\/div>\n\t\t\t\t<\/div>\n\t\t\t\t<div class=\"elementor-element elementor-element-3f817ea elementor-widget elementor-widget-spacer\" data-id=\"3f817ea\" data-element_type=\"widget\" data-e-type=\"widget\" data-widget_type=\"spacer.default\">\n\t\t\t\t<div class=\"elementor-widget-container\">\n\t\t\t\t\t\t\t<div class=\"elementor-spacer\">\n\t\t\t<div class=\"elementor-spacer-inner\"><\/div>\n\t\t<\/div>\n\t\t\t\t\t\t<\/div>\n\t\t\t\t<\/div>\n\t\t\t\t<div class=\"elementor-element elementor-element-42a5109 elementor-widget elementor-widget-heading\" data-id=\"42a5109\" data-element_type=\"widget\" data-e-type=\"widget\" data-widget_type=\"heading.default\">\n\t\t\t\t<div class=\"elementor-widget-container\">\n\t\t\t\t\t<h2 class=\"elementor-heading-title elementor-size-default\">Grundst\u00fccksanschlussleitungen (\u00f6ffentlicher Bereich)<\/h2>\t\t\t\t<\/div>\n\t\t\t\t<\/div>\n\t\t\t\t<div class=\"elementor-element elementor-element-c88125d elementor-widget elementor-widget-spacer\" data-id=\"c88125d\" data-element_type=\"widget\" data-e-type=\"widget\" data-widget_type=\"spacer.default\">\n\t\t\t\t<div class=\"elementor-widget-container\">\n\t\t\t\t\t\t\t<div class=\"elementor-spacer\">\n\t\t\t<div class=\"elementor-spacer-inner\"><\/div>\n\t\t<\/div>\n\t\t\t\t\t\t<\/div>\n\t\t\t\t<\/div>\n\t\t\t\t<div class=\"elementor-element elementor-element-37ce5e4 elementor-widget elementor-widget-text-editor\" data-id=\"37ce5e4\" data-element_type=\"widget\" data-e-type=\"widget\" data-widget_type=\"text-editor.default\">\n\t\t\t\t<div class=\"elementor-widget-container\">\n\t\t\t\t\t\t\t\t\t<p>Die Grundst\u00fccksanschlussleitungen sind die direkte Verbindungsleitung zwischen dem Kontrollschacht bzw. dem Pumpenschacht bei einer Druckentw\u00e4sserung, wenn vorhanden bzw. der Grundst\u00fccksgrenze und dem \u00f6ffentlichen Leitungsnetz. Der Grundst\u00fccksanschluss schlie\u00dft den Kontrollschacht und die Pumpstation mit ein. Sie geh\u00f6ren zu den Betriebsanlagen der FWA mbH.<\/p>\t\t\t\t\t\t\t\t<\/div>\n\t\t\t\t<\/div>\n\t\t\t\t<div class=\"elementor-element elementor-element-3be78da elementor-widget elementor-widget-spacer\" data-id=\"3be78da\" data-element_type=\"widget\" data-e-type=\"widget\" data-widget_type=\"spacer.default\">\n\t\t\t\t<div class=\"elementor-widget-container\">\n\t\t\t\t\t\t\t<div class=\"elementor-spacer\">\n\t\t\t<div class=\"elementor-spacer-inner\"><\/div>\n\t\t<\/div>\n\t\t\t\t\t\t<\/div>\n\t\t\t\t<\/div>\n\t\t\t\t<div class=\"elementor-element elementor-element-232d227 elementor-widget elementor-widget-heading\" data-id=\"232d227\" data-element_type=\"widget\" data-e-type=\"widget\" data-widget_type=\"heading.default\">\n\t\t\t\t<div class=\"elementor-widget-container\">\n\t\t\t\t\t<h2 class=\"elementor-heading-title elementor-size-default\">Grundst\u00fccksentw\u00e4sserungsleitung (privater Bereich)<\/h2>\t\t\t\t<\/div>\n\t\t\t\t<\/div>\n\t\t\t\t<div class=\"elementor-element elementor-element-1f77c1e elementor-widget elementor-widget-spacer\" data-id=\"1f77c1e\" data-element_type=\"widget\" data-e-type=\"widget\" data-widget_type=\"spacer.default\">\n\t\t\t\t<div class=\"elementor-widget-container\">\n\t\t\t\t\t\t\t<div class=\"elementor-spacer\">\n\t\t\t<div class=\"elementor-spacer-inner\"><\/div>\n\t\t<\/div>\n\t\t\t\t\t\t<\/div>\n\t\t\t\t<\/div>\n\t\t\t\t<div class=\"elementor-element elementor-element-8d74ac0 elementor-widget elementor-widget-text-editor\" data-id=\"8d74ac0\" data-element_type=\"widget\" data-e-type=\"widget\" data-widget_type=\"text-editor.default\">\n\t\t\t\t<div class=\"elementor-widget-container\">\n\t\t\t\t\t\t\t\t\t<p>Grundst\u00fccksentw\u00e4sserungsanlagen sind Einrichtungen auf dem Grundst\u00fcck, die der Sammlung, Vorbehandlung, Pr\u00fcfung und Ableitung des Abwassers bis zum Grundst\u00fccksanschluss dienen.<\/p><p>Nach Fertigstellung der Grundst\u00fccksanschlussleitung und nach Aufforderung durch die FWA mbH ist die betriebsf\u00e4hige Fertigstellung der Grundst\u00fccksentw\u00e4sserungsanlage innerhalb von 3 Monaten zu sichern.<\/p><p>Die Grundst\u00fccksentw\u00e4sserungsanlage steht im Eigentum des Anschlussnehmers. Die Arbeiten an der Grundst\u00fccksentw\u00e4sserungsanlage sind durch <a href=\"\/wp2\/trinkwasser\/installateurverzeichnis\/\" target=\"_blank\" rel=\"noopener\">einen Fachbetrieb<\/a> durchzuf\u00fchren oder sind bei Eigenleistung durch die FWA mbH am offenen Baugraben abzunehmen.<\/p>\t\t\t\t\t\t\t\t<\/div>\n\t\t\t\t<\/div>\n\t\t\t\t<div class=\"elementor-element elementor-element-9c92eee elementor-widget elementor-widget-spacer\" data-id=\"9c92eee\" data-element_type=\"widget\" data-e-type=\"widget\" data-widget_type=\"spacer.default\">\n\t\t\t\t<div class=\"elementor-widget-container\">\n\t\t\t\t\t\t\t<div class=\"elementor-spacer\">\n\t\t\t<div class=\"elementor-spacer-inner\"><\/div>\n\t\t<\/div>\n\t\t\t\t\t\t<\/div>\n\t\t\t\t<\/div>\n\t\t\t\t<div class=\"elementor-element elementor-element-a37cd1f elementor-widget elementor-widget-image\" data-id=\"a37cd1f\" data-element_type=\"widget\" data-e-type=\"widget\" data-widget_type=\"image.default\">\n\t\t\t\t<div class=\"elementor-widget-container\">\n\t\t\t\t\t\t\t\t\t\t\t\t\t\t\t<img fetchpriority=\"high\" decoding=\"async\" width=\"567\" height=\"621\" src=\"https:\/\/www.fwa-ffo.de\/wp2\/wp-content\/uploads\/Rueckstau.gif\" class=\"attachment-full size-full wp-image-3029\" alt=\"Systemskizze zur R\u00fcckstauebene\" \/>\t\t\t\t\t\t\t\t\t\t\t\t\t\t\t<\/div>\n\t\t\t\t<\/div>\n\t\t\t\t<div class=\"elementor-element elementor-element-c3db839 elementor-widget elementor-widget-spacer\" data-id=\"c3db839\" data-element_type=\"widget\" data-e-type=\"widget\" data-widget_type=\"spacer.default\">\n\t\t\t\t<div class=\"elementor-widget-container\">\n\t\t\t\t\t\t\t<div class=\"elementor-spacer\">\n\t\t\t<div class=\"elementor-spacer-inner\"><\/div>\n\t\t<\/div>\n\t\t\t\t\t\t<\/div>\n\t\t\t\t<\/div>\n\t\t\t\t<div class=\"elementor-element elementor-element-87ed86f elementor-widget elementor-widget-heading\" data-id=\"87ed86f\" data-element_type=\"widget\" data-e-type=\"widget\" data-widget_type=\"heading.default\">\n\t\t\t\t<div class=\"elementor-widget-container\">\n\t\t\t\t\t<h2 class=\"elementor-heading-title elementor-size-default\">Sicherung gegen R\u00fcckstau<\/h2>\t\t\t\t<\/div>\n\t\t\t\t<\/div>\n\t\t\t\t<div class=\"elementor-element elementor-element-31204fd elementor-widget elementor-widget-spacer\" data-id=\"31204fd\" data-element_type=\"widget\" data-e-type=\"widget\" data-widget_type=\"spacer.default\">\n\t\t\t\t<div class=\"elementor-widget-container\">\n\t\t\t\t\t\t\t<div class=\"elementor-spacer\">\n\t\t\t<div class=\"elementor-spacer-inner\"><\/div>\n\t\t<\/div>\n\t\t\t\t\t\t<\/div>\n\t\t\t\t<\/div>\n\t\t\t\t<div class=\"elementor-element elementor-element-d328b8f elementor-widget elementor-widget-text-editor\" data-id=\"d328b8f\" data-element_type=\"widget\" data-e-type=\"widget\" data-widget_type=\"text-editor.default\">\n\t\t\t\t<div class=\"elementor-widget-container\">\n\t\t\t\t\t\t\t\t\t<p>Gegen den R\u00fcckstau des Abwassers aus der \u00f6ffentlichen Abwasseranlage hat sich der Anschlussnehmer selbst zu sch\u00fctzen. F\u00fcr Sch\u00e4den haftet die FWA mbH nicht.<br \/><br \/>Unter der R\u00fcckstauebene liegende R\u00e4ume, Schmutz- und Niederschlagswasserabl\u00e4ufe usw. m\u00fcssen gegen R\u00fcckstau abgesichert sein. Die Sperrvorrichtungen sind dauernd geschlossen zu halten und sind nur bei Bedarf zu \u00f6ffnen. Wo die Absperrvorrichtung nicht dauernd geschlossen sein kann oder die R\u00e4ume unbedingt gegen R\u00fcckstau gesichert werden m\u00fcssen, z. B. Wohn- und Sanit\u00e4rr\u00e4ume oder gewerbliche R\u00e4ume, ist das Schmutzwasser mit einer Abwasserhebeanlage bis \u00fcber die R\u00fcckstauebene zu heben.<\/p>\t\t\t\t\t\t\t\t<\/div>\n\t\t\t\t<\/div>\n\t\t\t\t<div class=\"elementor-element elementor-element-c3b2305 elementor-widget elementor-widget-spacer\" data-id=\"c3b2305\" data-element_type=\"widget\" data-e-type=\"widget\" data-widget_type=\"spacer.default\">\n\t\t\t\t<div class=\"elementor-widget-container\">\n\t\t\t\t\t\t\t<div class=\"elementor-spacer\">\n\t\t\t<div class=\"elementor-spacer-inner\"><\/div>\n\t\t<\/div>\n\t\t\t\t\t\t<\/div>\n\t\t\t\t<\/div>\n\t\t\t\t<div class=\"elementor-element elementor-element-69fc47d elementor-widget elementor-widget-heading\" data-id=\"69fc47d\" data-element_type=\"widget\" data-e-type=\"widget\" data-widget_type=\"heading.default\">\n\t\t\t\t<div class=\"elementor-widget-container\">\n\t\t\t\t\t<h2 class=\"elementor-heading-title elementor-size-default\">Kosten f\u00fcr den Grundst\u00fccksanschluss<\/h2>\t\t\t\t<\/div>\n\t\t\t\t<\/div>\n\t\t\t\t<div class=\"elementor-element elementor-element-389cee0 elementor-widget elementor-widget-spacer\" data-id=\"389cee0\" data-element_type=\"widget\" data-e-type=\"widget\" data-widget_type=\"spacer.default\">\n\t\t\t\t<div class=\"elementor-widget-container\">\n\t\t\t\t\t\t\t<div class=\"elementor-spacer\">\n\t\t\t<div class=\"elementor-spacer-inner\"><\/div>\n\t\t<\/div>\n\t\t\t\t\t\t<\/div>\n\t\t\t\t<\/div>\n\t\t\t\t<div class=\"elementor-element elementor-element-524162f elementor-widget elementor-widget-text-editor\" data-id=\"524162f\" data-element_type=\"widget\" data-e-type=\"widget\" data-widget_type=\"text-editor.default\">\n\t\t\t\t<div class=\"elementor-widget-container\">\n\t\t\t\t\t\t\t\t\t<p>Der Antragsteller muss die Kosten der Herstellung des Grundst\u00fccksanschlusses gem\u00e4\u00df des g\u00fcltigen Preisblattes der Kommune bezahlen.<br \/><br \/>In H\u00e4rtef\u00e4llen k\u00f6nnen mit der FWA mbH individuelle Ratenzahlungsvereinbarungen getroffen werden.<\/p>\t\t\t\t\t\t\t\t<\/div>\n\t\t\t\t<\/div>\n\t\t\t\t<div class=\"elementor-element elementor-element-d3ac050 elementor-widget elementor-widget-spacer\" data-id=\"d3ac050\" data-element_type=\"widget\" data-e-type=\"widget\" data-widget_type=\"spacer.default\">\n\t\t\t\t<div class=\"elementor-widget-container\">\n\t\t\t\t\t\t\t<div class=\"elementor-spacer\">\n\t\t\t<div class=\"elementor-spacer-inner\"><\/div>\n\t\t<\/div>\n\t\t\t\t\t\t<\/div>\n\t\t\t\t<\/div>\n\t\t\t\t<div class=\"elementor-element elementor-element-fa5cc17 elementor-widget elementor-widget-heading\" data-id=\"fa5cc17\" data-element_type=\"widget\" data-e-type=\"widget\" data-widget_type=\"heading.default\">\n\t\t\t\t<div class=\"elementor-widget-container\">\n\t\t\t\t\t<h2 class=\"elementor-heading-title elementor-size-default\">Material<\/h2>\t\t\t\t<\/div>\n\t\t\t\t<\/div>\n\t\t\t\t<div class=\"elementor-element elementor-element-196e308 elementor-widget elementor-widget-spacer\" data-id=\"196e308\" data-element_type=\"widget\" data-e-type=\"widget\" data-widget_type=\"spacer.default\">\n\t\t\t\t<div class=\"elementor-widget-container\">\n\t\t\t\t\t\t\t<div class=\"elementor-spacer\">\n\t\t\t<div class=\"elementor-spacer-inner\"><\/div>\n\t\t<\/div>\n\t\t\t\t\t\t<\/div>\n\t\t\t\t<\/div>\n\t\t\t\t<div class=\"elementor-element elementor-element-a6294a0 elementor-widget elementor-widget-text-editor\" data-id=\"a6294a0\" data-element_type=\"widget\" data-e-type=\"widget\" data-widget_type=\"text-editor.default\">\n\t\t\t\t<div class=\"elementor-widget-container\">\n\t\t\t\t\t\t\t\t\t<p>F\u00fcr den Grundst\u00fccksanschluss werden vorwiegend PE-, PVC- oder Steinzeugrohre verwendet. Die Rohre haben einen Mindestdurchmesser von 150 mm.<\/p>\t\t\t\t\t\t\t\t<\/div>\n\t\t\t\t<\/div>\n\t\t\t\t<div class=\"elementor-element elementor-element-df3caab elementor-widget elementor-widget-image\" data-id=\"df3caab\" data-element_type=\"widget\" data-e-type=\"widget\" data-widget_type=\"image.default\">\n\t\t\t\t<div class=\"elementor-widget-container\">\n\t\t\t\t\t\t\t\t\t\t\t\t\t\t\t<img decoding=\"async\" width=\"466\" height=\"446\" src=\"https:\/\/www.fwa-ffo.de\/wp2\/wp-content\/uploads\/Uponal.gif\" class=\"attachment-full size-full wp-image-3030\" alt=\"Schema Abwasseranschluss Uponalschacht\" \/>\t\t\t\t\t\t\t\t\t\t\t\t\t\t\t<\/div>\n\t\t\t\t<\/div>\n\t\t\t\t<div class=\"elementor-element elementor-element-9bd9e0b elementor-widget elementor-widget-text-editor\" data-id=\"9bd9e0b\" data-element_type=\"widget\" data-e-type=\"widget\" data-widget_type=\"text-editor.default\">\n\t\t\t\t<div class=\"elementor-widget-container\">\n\t\t\t\t\t\t\t\t\t<p>F\u00fcr den Kontrollschacht wird in der Regel ein Uponal-System-Schacht DN 400 gesetzt.<br \/>Bei Einleitung von gewerblichem Abwasser wird ein begehbarer Schacht verlangt, der oftmals gleichzeitig als<br \/>Probenahmeschacht ausgebildet wird, d. h. das Zulaufrohr ragt 10 cm \u00fcber der Gerinnesohle in den Schacht.<br \/><br \/>F\u00fcr die Grundst\u00fccksentw\u00e4sserungsleitung k\u00f6nnen Kunststoff-, Steinzeug oder Faserzementrohre verwendet werden.<\/p>\t\t\t\t\t\t\t\t<\/div>\n\t\t\t\t<\/div>\n\t\t\t\t<div class=\"elementor-element elementor-element-eba730c elementor-widget elementor-widget-spacer\" data-id=\"eba730c\" data-element_type=\"widget\" data-e-type=\"widget\" data-widget_type=\"spacer.default\">\n\t\t\t\t<div class=\"elementor-widget-container\">\n\t\t\t\t\t\t\t<div class=\"elementor-spacer\">\n\t\t\t<div class=\"elementor-spacer-inner\"><\/div>\n\t\t<\/div>\n\t\t\t\t\t\t<\/div>\n\t\t\t\t<\/div>\n\t\t\t\t\t<\/div>\n\t\t<\/div>\n\t\t\t\t\t<\/div>\n\t\t<\/section>\n\t\t\t\t<\/div>\n\t\t","protected":false},"excerpt":{"rendered":"<p>Abwasseranschluss Was muss ein Grundst\u00fcckseigent\u00fcmer \u00fcber den Anschluss seines Grundst\u00fccks an die Kanalisation wissen? Die Frankfurter Wasser- und Abwassergesellschaft mbH (FWA mbH) ist Betreiber der Anlagen der \u00f6ffentlichen Wasserversorgung und Abwasseranlagen f\u00fcr die St\u00e4dte Frankfurt (Oder) und M\u00fcllrose mit ihren Ortsteilen sowie die Gemeinde Jacobsdorf mit den OT Petersdorf, Jacobsdorf, Pillgram, Sieversdorf und die Gemeinde [&hellip;]<\/p>\n","protected":false},"author":1,"featured_media":0,"parent":6571,"menu_order":0,"comment_status":"closed","ping_status":"closed","template":"","meta":{"footnotes":""},"class_list":["post-3027","page","type-page","status-publish","hentry"],"_links":{"self":[{"href":"https:\/\/www.fwa-ffo.de\/wp2\/wp-json\/wp\/v2\/pages\/3027","targetHints":{"allow":["GET"]}}],"collection":[{"href":"https:\/\/www.fwa-ffo.de\/wp2\/wp-json\/wp\/v2\/pages"}],"about":[{"href":"https:\/\/www.fwa-ffo.de\/wp2\/wp-json\/wp\/v2\/types\/page"}],"author":[{"embeddable":true,"href":"https:\/\/www.fwa-ffo.de\/wp2\/wp-json\/wp\/v2\/users\/1"}],"replies":[{"embeddable":true,"href":"https:\/\/www.fwa-ffo.de\/wp2\/wp-json\/wp\/v2\/comments?post=3027"}],"version-history":[{"count":0,"href":"https:\/\/www.fwa-ffo.de\/wp2\/wp-json\/wp\/v2\/pages\/3027\/revisions"}],"up":[{"embeddable":true,"href":"https:\/\/www.fwa-ffo.de\/wp2\/wp-json\/wp\/v2\/pages\/6571"}],"wp:attachment":[{"href":"https:\/\/www.fwa-ffo.de\/wp2\/wp-json\/wp\/v2\/media?parent=3027"}],"curies":[{"name":"wp","href":"https:\/\/api.w.org\/{rel}","templated":true}]}}