{"id":1868,"date":"2021-11-10T09:55:16","date_gmt":"2021-11-10T08:55:16","guid":{"rendered":"https:\/\/www.fwa-ffo.de\/wp2\/?page_id=1868"},"modified":"2022-03-22T14:20:34","modified_gmt":"2022-03-22T13:20:34","slug":"zeitschiene","status":"publish","type":"page","link":"https:\/\/www.fwa-ffo.de\/wp2\/ueber-uns\/chronik\/zeitschiene\/","title":{"rendered":"Zeitschiene"},"content":{"rendered":"\t\t<div data-elementor-type=\"wp-page\" data-elementor-id=\"1868\" class=\"elementor elementor-1868\" data-elementor-post-type=\"page\">\n\t\t\t\t\t\t<section class=\"elementor-section elementor-top-section elementor-element elementor-element-ec98b8a elementor-section-boxed elementor-section-height-default elementor-section-height-default\" data-id=\"ec98b8a\" data-element_type=\"section\" data-e-type=\"section\">\n\t\t\t\t\t\t<div class=\"elementor-container elementor-column-gap-default\">\n\t\t\t\t\t<div class=\"elementor-column elementor-col-100 elementor-top-column elementor-element elementor-element-45443e7\" data-id=\"45443e7\" data-element_type=\"column\" data-e-type=\"column\">\n\t\t\t<div class=\"elementor-widget-wrap elementor-element-populated\">\n\t\t\t\t\t\t<div class=\"elementor-element elementor-element-a585e30 elementor-widget elementor-widget-heading\" data-id=\"a585e30\" data-element_type=\"widget\" data-e-type=\"widget\" data-widget_type=\"heading.default\">\n\t\t\t\t<div class=\"elementor-widget-container\">\n\t\t\t\t\t<h2 class=\"elementor-heading-title elementor-size-default\">Zeitschiene<\/h2>\t\t\t\t<\/div>\n\t\t\t\t<\/div>\n\t\t\t\t<div class=\"elementor-element elementor-element-5602473 elementor-widget elementor-widget-spacer\" data-id=\"5602473\" data-element_type=\"widget\" data-e-type=\"widget\" data-widget_type=\"spacer.default\">\n\t\t\t\t<div class=\"elementor-widget-container\">\n\t\t\t\t\t\t\t<div class=\"elementor-spacer\">\n\t\t\t<div class=\"elementor-spacer-inner\"><\/div>\n\t\t<\/div>\n\t\t\t\t\t\t<\/div>\n\t\t\t\t<\/div>\n\t\t\t\t<div class=\"elementor-element elementor-element-7642793 elementor-widget elementor-widget-heading\" data-id=\"7642793\" data-element_type=\"widget\" data-e-type=\"widget\" data-widget_type=\"heading.default\">\n\t\t\t\t<div class=\"elementor-widget-container\">\n\t\t\t\t\t<h2 class=\"elementor-heading-title elementor-size-default\">125 Jahre Wasserversorgung Frankfurt(Oder)<\/h2>\t\t\t\t<\/div>\n\t\t\t\t<\/div>\n\t\t\t\t<div class=\"elementor-element elementor-element-f6dd88f elementor-widget elementor-widget-spacer\" data-id=\"f6dd88f\" data-element_type=\"widget\" data-e-type=\"widget\" data-widget_type=\"spacer.default\">\n\t\t\t\t<div class=\"elementor-widget-container\">\n\t\t\t\t\t\t\t<div class=\"elementor-spacer\">\n\t\t\t<div class=\"elementor-spacer-inner\"><\/div>\n\t\t<\/div>\n\t\t\t\t\t\t<\/div>\n\t\t\t\t<\/div>\n\t\t\t\t<div class=\"elementor-element elementor-element-7f52389 elementor-widget elementor-widget-heading\" data-id=\"7f52389\" data-element_type=\"widget\" data-e-type=\"widget\" data-widget_type=\"heading.default\">\n\t\t\t\t<div class=\"elementor-widget-container\">\n\t\t\t\t\t<h2 class=\"elementor-heading-title elementor-size-default\">Entwicklung der Firmengeschichte des St\u00e4dtischen Wasserwerkes und der Wasserversorgung und Abwasserentsorgung<\/h2>\t\t\t\t<\/div>\n\t\t\t\t<\/div>\n\t\t\t\t<div class=\"elementor-element elementor-element-ab3d336 elementor-widget elementor-widget-spacer\" data-id=\"ab3d336\" data-element_type=\"widget\" data-e-type=\"widget\" data-widget_type=\"spacer.default\">\n\t\t\t\t<div class=\"elementor-widget-container\">\n\t\t\t\t\t\t\t<div class=\"elementor-spacer\">\n\t\t\t<div class=\"elementor-spacer-inner\"><\/div>\n\t\t<\/div>\n\t\t\t\t\t\t<\/div>\n\t\t\t\t<\/div>\n\t\t\t\t<div class=\"elementor-element elementor-element-461a05e elementor-widget elementor-widget-eael-advanced-data-table\" data-id=\"461a05e\" data-element_type=\"widget\" data-e-type=\"widget\" data-widget_type=\"eael-advanced-data-table.default\">\n\t\t\t\t<div class=\"elementor-widget-container\">\n\t\t\t\t\t<div class=\"ea-advanced-data-table-wrap\" data-id=\"461a05e\"><div class=\"ea-advanced-data-table-wrap-inner\">\n                <table class=\"ea-advanced-data-table ea-advanced-data-table-static ea-advanced-data-table-461a05e\" data-id=\"461a05e\"><tbody><tr><td>1872 \u2013 1874<\/td><td>Bau des Wasserwerkes und des Rohrnetzes<\/td><\/tr><tr><td>14. Mai 1874<\/td><td>Probebetrieb des Wasserwerkes<\/td><\/tr><tr><td>Juli 1874<\/td><td>Erfolgreicher Probebetrieb des neu geschaffenen Rohrnetzes<\/td><\/tr><tr><td><p>14. September 1874<\/p><\/td><td>Inbetriebnahme des Wasserwerkes<\/td><\/tr><tr><td>27. Februar 1876<\/td><td>Verkauf an die Aktiengesellschaft Wasserwerk zu Frankfurt (Oder)<\/td><\/tr><tr><td>1886<\/td><td>Die Erschlie\u00dfung der Kanalisation in der Innenstadt ist nahezu abgeschlossen<\/td><\/tr><tr><td>1889<\/td><td>Nutzung des Oderwassers, der neuen Filteranlagen und Reinwasserbrunnen<\/td><\/tr><tr><td>1893<\/td><td>Errichtung eines Laboratoriums f\u00fcr das Wasserwerk<\/td><\/tr><tr><td>1895\/96<\/td><td>Anschluss der Dammvorstadt jenseits der Oder an das Wasserwerk<\/td><\/tr><tr><td>1896\/97<\/td><td>Erhebliche Erweiterung des Rohrnetzes und der Pumpenanlagen<\/td><\/tr><tr><td>1903<\/td><td>Bau eines zweiten Wasserturmes an der Heinrich-Hildebrand-Stra\u00dfe<\/td><\/tr><tr><td>1914<\/td><td>Die Stadt beginnt zielgerichtet die Aktien des Wasserwerkes aufzukaufen<\/td><\/tr><tr><td>1919-1921<\/td><td>In allen Wasseranschlussleitungen werden Wassermesser installiert<\/td><\/tr><tr><td>2. April 1921<\/td><td>\u00dcbernahme durch die Stadtgemeinde Frankfurt (Oder)<\/td><\/tr><tr><td>1. Januar 1949<\/td><td>\u00dcbergang zum Kommunalen Wirtschaftsunternehmen (KWU)<\/td><\/tr><tr><td>1952<\/td><td>Bildung VEB (K) Wasserwirtschaft Frankfurt (Oder)<\/td><\/tr><tr><td>1955<\/td><td>Inbetriebnahme der mechanischen Kl\u00e4ranlage Frankfurt (Oder)<\/td><\/tr><tr><td>1. April 1964<\/td><td><p>Bildung des VEB (B) Wasserversorgung und Abwasserbehandlung Frankfurt (Oder), <\/p><p>Kurzbezeichnung: WAB<\/p><\/td><\/tr><tr><td>1. September 1964<\/td><td>Bezirks\u00fcbergreifend als VEB WAB<\/td><\/tr><tr><td>1. Oktober 1964<\/td><td><p>VEB Wasserversorgung und Abwasserbehandlung Frankfurt (Oder) unter <\/p><p>der Vereinigung Volkseigener Betriebe<\/p><\/td><\/tr><tr><td>1969<\/td><td>Inbetriebnahme Wasserwerk Briesen<\/td><\/tr><tr><td>1976<\/td><td>Infiltration im WW Briesen in Betrieb genommen<\/td><\/tr><tr><td>23. Mai 1990<\/td><td>Gr\u00fcndung der M\u00e4rkischen Wasserversorgung und Abwasserbehandlung GmbH<\/td><\/tr><tr><td>23. Dezember 1992<\/td><td>Eintragung der FWA mbH in das Handelsregister: B 2673<\/td><\/tr><tr><td>28. April 1993<\/td><td><p>Beitritt der Stadt M\u00fcllrose und der Gemeinden Pillgam, Jacobsdorf, Biegen, <\/p><p>Petersdorf und Sieversdorf als Gesellschafter der FWA mbH<\/p><\/td><\/tr><tr><td>1. Juni 1993<\/td><td><p>\u00dcbernahme der Versorgung durch die gebildete Frankfurter Wasser- und <\/p><p>Abwassergesellschaft mbH als Tochter der Stadtwerke Frankfurt (Oder) GmbH<\/p><\/td><\/tr><tr><td>11. Oktober 1993<\/td><td>Grundsteinlegung Kl\u00e4rwerk Frankfurt (Oder) \u2013 Mittelweg<\/td><\/tr><tr><td>15. September 1995<\/td><td>Inbetriebnahme Schlammbehandlung des Frankfurter Kl\u00e4rwerkes<\/td><\/tr><tr><td>01. Juli 1996<\/td><td>Sanierungsbescheid der Wasserbeh\u00f6rde<\/td><\/tr><tr><td>08. August 1996<\/td><td>Offizielle Inbetriebnahme des Kl\u00e4rwerkes Frankfurt (Oder)<\/td><\/tr><tr><td>Juni\/Juli 1997<\/td><td>Hochwasser in Polen und Tschechien<\/td><\/tr><tr><td>02. Juli 1997<\/td><td>Vorsorgliche Au\u00dferbetriebnahme des Frankfurter Wasserwerkes<\/td><\/tr><tr><td>21. Juli 1997<\/td><td>R\u00e4umung des Verwaltungsgeb\u00e4udes im Buschm\u00fchlenweg<\/td><\/tr><tr><td>27. Juli 1997<\/td><td>Pegelh\u00f6chststand der Oder von 6,57m in Frankfurt (Oder)<\/td><\/tr><tr><td>01. Januar 1998<\/td><td>Endg\u00fcltige Stilllegung des Wasserwerkes im Buschm\u00fchlenweg<\/td><\/tr><tr><td>14. August 1998<\/td><td><p>Grundsteinlegung f\u00fcr neues Verwaltungsgeb\u00e4ude auf dem Gel\u00e4nde im <\/p><p>Buschm\u00fchlenweg und Benennung in \u201eSchmetzer-Bau\u201c in Gedenken und Ehrung <\/p><p>an Herrn Baurat Friedrich Schmetzer, erster Direktor des Wasserwerkes<\/p><\/td><\/tr><tr><td>11. Dezember 1998<\/td><td>Richtfest<\/td><\/tr><tr><td>31. Mai 1999<\/td><td>Gesch\u00e4ftsaufnahme im neuen Geb\u00e4ude<\/td><\/tr><\/tbody><\/table>\n            <\/div><\/div>\t\t\t\t<\/div>\n\t\t\t\t<\/div>\n\t\t\t\t<div class=\"elementor-element elementor-element-8a7a44f elementor-widget elementor-widget-spacer\" data-id=\"8a7a44f\" data-element_type=\"widget\" data-e-type=\"widget\" data-widget_type=\"spacer.default\">\n\t\t\t\t<div class=\"elementor-widget-container\">\n\t\t\t\t\t\t\t<div class=\"elementor-spacer\">\n\t\t\t<div class=\"elementor-spacer-inner\"><\/div>\n\t\t<\/div>\n\t\t\t\t\t\t<\/div>\n\t\t\t\t<\/div>\n\t\t\t\t\t<\/div>\n\t\t<\/div>\n\t\t\t\t\t<\/div>\n\t\t<\/section>\n\t\t\t\t<\/div>\n\t\t","protected":false},"excerpt":{"rendered":"<p>Zeitschiene 125 Jahre Wasserversorgung Frankfurt(Oder) Entwicklung der Firmengeschichte des St\u00e4dtischen Wasserwerkes und der Wasserversorgung und Abwasserentsorgung 1872 \u2013 1874 Bau des Wasserwerkes und des Rohrnetzes 14. Mai 1874 Probebetrieb des Wasserwerkes Juli 1874 Erfolgreicher Probebetrieb des neu geschaffenen Rohrnetzes 14. September 1874 Inbetriebnahme des Wasserwerkes 27. Februar 1876 Verkauf an die Aktiengesellschaft Wasserwerk zu Frankfurt [&hellip;]<\/p>\n","protected":false},"author":1,"featured_media":0,"parent":6591,"menu_order":0,"comment_status":"closed","ping_status":"closed","template":"","meta":{"footnotes":""},"class_list":["post-1868","page","type-page","status-publish","hentry"],"_links":{"self":[{"href":"https:\/\/www.fwa-ffo.de\/wp2\/wp-json\/wp\/v2\/pages\/1868","targetHints":{"allow":["GET"]}}],"collection":[{"href":"https:\/\/www.fwa-ffo.de\/wp2\/wp-json\/wp\/v2\/pages"}],"about":[{"href":"https:\/\/www.fwa-ffo.de\/wp2\/wp-json\/wp\/v2\/types\/page"}],"author":[{"embeddable":true,"href":"https:\/\/www.fwa-ffo.de\/wp2\/wp-json\/wp\/v2\/users\/1"}],"replies":[{"embeddable":true,"href":"https:\/\/www.fwa-ffo.de\/wp2\/wp-json\/wp\/v2\/comments?post=1868"}],"version-history":[{"count":0,"href":"https:\/\/www.fwa-ffo.de\/wp2\/wp-json\/wp\/v2\/pages\/1868\/revisions"}],"up":[{"embeddable":true,"href":"https:\/\/www.fwa-ffo.de\/wp2\/wp-json\/wp\/v2\/pages\/6591"}],"wp:attachment":[{"href":"https:\/\/www.fwa-ffo.de\/wp2\/wp-json\/wp\/v2\/media?parent=1868"}],"curies":[{"name":"wp","href":"https:\/\/api.w.org\/{rel}","templated":true}]}}