{"id":1776,"date":"2021-11-10T08:06:15","date_gmt":"2021-11-10T07:06:15","guid":{"rendered":"https:\/\/www.fwa-ffo.de\/wp2\/?page_id=1776"},"modified":"2022-06-07T08:45:07","modified_gmt":"2022-06-07T06:45:07","slug":"kennzahlen-2003-2011","status":"publish","type":"page","link":"https:\/\/www.fwa-ffo.de\/wp2\/ueber-uns\/kennzahlen\/kennzahlen-2003-2011\/","title":{"rendered":"Kennzahlen 2003 &#8211; 2011"},"content":{"rendered":"\t\t<div data-elementor-type=\"wp-page\" data-elementor-id=\"1776\" class=\"elementor elementor-1776\" data-elementor-post-type=\"page\">\n\t\t\t\t\t\t<section class=\"elementor-section elementor-top-section elementor-element elementor-element-dcf71aa elementor-section-boxed elementor-section-height-default elementor-section-height-default\" data-id=\"dcf71aa\" data-element_type=\"section\" data-e-type=\"section\">\n\t\t\t\t\t\t<div class=\"elementor-container elementor-column-gap-default\">\n\t\t\t\t\t<div class=\"elementor-column elementor-col-100 elementor-top-column elementor-element elementor-element-79c0e85\" data-id=\"79c0e85\" data-element_type=\"column\" data-e-type=\"column\">\n\t\t\t<div class=\"elementor-widget-wrap elementor-element-populated\">\n\t\t\t\t\t\t<div class=\"elementor-element elementor-element-b9999e1 elementor-widget elementor-widget-heading\" data-id=\"b9999e1\" data-element_type=\"widget\" data-e-type=\"widget\" data-widget_type=\"heading.default\">\n\t\t\t\t<div class=\"elementor-widget-container\">\n\t\t\t\t\t<h2 class=\"elementor-heading-title elementor-size-default\">Kennzahlen 2003 - 2011<\/h2>\t\t\t\t<\/div>\n\t\t\t\t<\/div>\n\t\t\t\t<div class=\"elementor-element elementor-element-825a9d5 elementor-widget elementor-widget-spacer\" data-id=\"825a9d5\" data-element_type=\"widget\" data-e-type=\"widget\" data-widget_type=\"spacer.default\">\n\t\t\t\t<div class=\"elementor-widget-container\">\n\t\t\t\t\t\t\t<div class=\"elementor-spacer\">\n\t\t\t<div class=\"elementor-spacer-inner\"><\/div>\n\t\t<\/div>\n\t\t\t\t\t\t<\/div>\n\t\t\t\t<\/div>\n\t\t\t\t<div class=\"elementor-element elementor-element-d883d25 elementor-widget elementor-widget-eael-advanced-data-table\" data-id=\"d883d25\" data-element_type=\"widget\" data-e-type=\"widget\" data-widget_type=\"eael-advanced-data-table.default\">\n\t\t\t\t<div class=\"elementor-widget-container\">\n\t\t\t\t\t<div class=\"ea-advanced-data-table-wrap\" data-id=\"d883d25\"><div class=\"ea-advanced-data-table-wrap-inner\">\n                <table class=\"ea-advanced-data-table ea-advanced-data-table-static ea-advanced-data-table-d883d25\" data-id=\"d883d25\"><thead><tr><th><p><br><\/p><\/th><th><p><\/p><\/th><th><p>2003<\/p><\/th><th><p>2004<\/p><\/th><th><p>2005<\/p><\/th><th><p>2006<\/p><\/th><th><p>2007<\/p><\/th><th><p>2008<\/p><\/th><th><p>2009<\/p><\/th><th><p>2010<\/p><\/th><th><p>2011<\/p><\/th><\/tr><\/thead><tbody><tr><td><p><strong>Bilanzzahlen (in Mio. EUR)<\/strong><\/p><\/td><td><\/td><td><\/td><td><\/td><td><\/td><td><\/td><td><\/td><td><\/td><td><\/td><td><\/td><td><\/td><\/tr><tr><td>Anlageverm\u00f6gen<\/td><td><\/td><td>105,2<\/td><td>103,1<\/td><td>100,6<\/td><td>100,0<\/td><td>104,3<\/td><td>105,0<\/td><td>101,0<\/td><td>98,7<\/td><td>97,1<\/td><\/tr><tr><td>Umlaufverm\u00f6gen<\/td><td><\/td><td>12,4<\/td><td>11,4<\/td><td>12,9<\/td><td>10,8<\/td><td>9,8<\/td><td>8,6<\/td><td>9,1<\/td><td>8,3<\/td><td>9,5<\/td><\/tr><tr><td>Rechnungsabgrenzungsposten<\/td><td><\/td><td>0,010<\/td><td>0,011<\/td><td>0,010<\/td><td>0,014<\/td><td>0,012<\/td><td>0,018<\/td><td>0,016<\/td><td>0,013<\/td><td>0,010<\/td><\/tr><tr><td>Eigenkapital<\/td><td><\/td><td>12,6<\/td><td>13,2<\/td><td>14,5<\/td><td>14,9<\/td><td>16,4<\/td><td>17,9<\/td><td>19<\/td><td>20,2<\/td><td>21,9<\/td><\/tr><tr><td>Sonderposten Investitionszusch\u00fcsse<\/td><td><\/td><td>14,2<\/td><td>14,2<\/td><td>14,1<\/td><td>14,2<\/td><td>17,2<\/td><td>16,8<\/td><td>16,2<\/td><td>15,7<\/td><td>15,6<\/td><\/tr><tr><td>Empfangene Ertragszusch\u00fcsse<\/td><td><\/td><td>4<\/td><td>3,7<\/td><td>3,4<\/td><td>3,1<\/td><td>2,8<\/td><td>2,5<\/td><td>2,2<\/td><td>1,9<\/td><td>1,6<\/td><\/tr><tr><td>R\u00fcckstellungen<\/td><td><\/td><td>3,8<\/td><td>4,748<\/td><td>6,6<\/td><td>6,9<\/td><td>6,5<\/td><td>6,4<\/td><td>4,7<\/td><td>9,0<\/td><td>7,2<\/td><\/tr><tr><td>Verbindlichkeiten<\/td><td><\/td><td>31,5<\/td><td>29,1<\/td><td>27,3<\/td><td>26,2<\/td><td>27,6<\/td><td>28,6<\/td><td>28,1<\/td><td>27,4<\/td><td>28,6<\/td><\/tr><tr><td>Rechnungsabgrenzungsposten<\/td><td><\/td><td>51,6<\/td><td>49,6<\/td><td>47,5<\/td><td>45,5<\/td><td>43,4<\/td><td>41,4<\/td><td>39,3<\/td><td>37,3<\/td><td>35,3<\/td><\/tr><tr><td>Bilanzsumme<\/td><td><\/td><td>117,7<\/td><td>114,5<\/td><td>113,5<\/td><td>110,8<\/td><td>114,1<\/td><td>113,7<\/td><td>110,1<\/td><td>107,1<\/td><td>106,6<\/td><\/tr><tr><td><p><strong>Personal<\/strong><\/p><\/td><td><\/td><td><\/td><td><\/td><td><\/td><td><\/td><td><\/td><td><\/td><td><\/td><td><\/td><td><\/td><\/tr><tr><td>Gesamt<\/td><td>Personen<\/td><td>116<\/td><td>107<\/td><td>100<\/td><td>96<\/td><td>91<\/td><td>93<\/td><td>96<\/td><td>93<\/td><td>90<\/td><\/tr><tr><td>Gesamt (mit Azubi)<\/td><td>Personen<\/td><td>127<\/td><td>118<\/td><td>110<\/td><td>106<\/td><td>101<\/td><td>103<\/td><td>104<\/td><td>100<\/td><td>98<\/td><\/tr><tr><td>Gesch\u00e4ftsf\u00fchrer<\/td><td>Personen<\/td><td>1<\/td><td>1<\/td><td>1<\/td><td>1<\/td><td>1<\/td><td>1<\/td><td>1<\/td><td>1<\/td><td>1<\/td><\/tr><tr><td>Angestellte<\/td><td>Personen<\/td><td>61<\/td><td>57<\/td><td>54<\/td><td>51<\/td><td>50<\/td><td>52<\/td><td>55<\/td><td>54<\/td><td>53<\/td><\/tr><tr><td>Gewerblich T\u00e4tige<\/td><td>Personen<\/td><td>54<\/td><td>49<\/td><td>45<\/td><td>44<\/td><td>40<\/td><td>40<\/td><td>40<\/td><td>39<\/td><td>36<\/td><\/tr><tr><td>Auszubildende<\/td><td>Personen<\/td><td>11<\/td><td>11<\/td><td>10<\/td><td>10<\/td><td>10<\/td><td>10<\/td><td>8<\/td><td>7<\/td><td>8<\/td><\/tr><tr><td><p><strong>Versorgungsgebiet<\/strong><\/p><\/td><td><\/td><td><\/td><td><\/td><td><\/td><td><\/td><td><\/td><td><\/td><td><\/td><td><\/td><td><\/td><\/tr><tr><td>Einwohner des Versorgungsgebietes<\/td><td>Personen<\/td><td>73096<\/td><td>71420<\/td><td>69912<\/td><td>68709<\/td><td>68116<\/td><td>67372<\/td><td>66659<\/td><td>66313<\/td><td>65935<\/td><\/tr><tr><td>St\u00e4dte im Versorgungsgebiet<\/td><td>Anzahl<\/td><td>2<\/td><td>2<\/td><td>2<\/td><td>2<\/td><td>2<\/td><td>2<\/td><td>2<\/td><td>2<\/td><td>2<\/td><\/tr><tr><td>Gemeinden im Versorgungsgebiet<\/td><td>Anzahl<\/td><td>2*<\/td><td>2<\/td><td>2<\/td><td>2<\/td><td>2<\/td><td>2<\/td><td>2<\/td><td>2<\/td><td>2<\/td><\/tr><tr><td>Gesamtfl\u00e4che<\/td><td>ha<\/td><td>27901<\/td><td>27901<\/td><td>27901<\/td><td>27901<\/td><td>27901<\/td><td>27901<\/td><td>27901<\/td><td>27901<\/td><td>27901<\/td><\/tr><tr><td><p><strong>Trinkwasserversorgung<\/strong><\/p><\/td><td><\/td><td><\/td><td><\/td><td><\/td><td><\/td><td><\/td><td><\/td><td><\/td><td><\/td><td><\/td><\/tr><tr><td>mit Trinkwasser versorgte Einwohner<\/td><td>Personen<\/td><td>72993<\/td><td>71317<\/td><td>69809<\/td><td>68607<\/td><td>68014<\/td><td>67271<\/td><td>66589<\/td><td>66244<\/td><td>65799<\/td><\/tr><tr><td>Trinkwasseranschlussgrad<\/td><td>%<\/td><td>99,9<\/td><td>99,9<\/td><td>99,9<\/td><td>99,9<\/td><td>99,9<\/td><td>99,9<\/td><td>99,9<\/td><td>99,9<\/td><td>99,8<\/td><\/tr><tr><td>Anzahl der Wasserwerke<\/td><td>St\u00fcck<\/td><td>2<\/td><td>2<\/td><td>2<\/td><td>2<\/td><td>2<\/td><td>2<\/td><td>2<\/td><td>2<\/td><td>2<\/td><\/tr><tr><td>Kapazit\u00e4t (Q max.) der Wasserwerke<\/td><td>m\u00b3\/Tag<\/td><td>27600<\/td><td>27600<\/td><td>27163<\/td><td>27163<\/td><td>27163<\/td><td>27163<\/td><td>27163<\/td><td>27163<\/td><td>27163<\/td><\/tr><tr><td>Druckerh\u00f6hungsanlagen im Rohrnetz<\/td><td>St\u00fcck<\/td><td>13<\/td><td>13<\/td><td>14<\/td><td>15<\/td><td>16<\/td><td>16<\/td><td>16<\/td><td>15<\/td><td>15<\/td><\/tr><tr><td>Trinkwasserbeh\u00e4lter im Rohrnetz - Anzahl<\/td><td>St\u00fcck<\/td><td>9<\/td><td>9<\/td><td>9<\/td><td>9<\/td><td>9<\/td><td>9<\/td><td>9<\/td><td>8<\/td><td>8<\/td><\/tr><tr><td>Speichervolumen im Rohrnetz<\/td><td>m\u00b3<\/td><td>28620<\/td><td>28620<\/td><td>28620<\/td><td>28620<\/td><td>28620<\/td><td>28620<\/td><td>28620<\/td><td>28270<\/td><td>28270<\/td><\/tr><tr><td>L\u00e4nge Trinkwassernetz (einschlie\u00dflich Hausanschl\u00fcsse)<\/td><td>km<\/td><td>456,0<\/td><td>460,2<\/td><td>467,6<\/td><td>481,4<\/td><td>513,2<\/td><td>511,4<\/td><td>516,6<\/td><td>517,5<\/td><td>516,7<\/td><\/tr><tr><td><p><strong>Abwasserentsorgung<\/strong><\/p><\/td><td><\/td><td><\/td><td><\/td><td><\/td><td><\/td><td><\/td><td><\/td><td><\/td><td><\/td><td><\/td><\/tr><tr><td>von Abwasser entsorgte Einwohner<\/td><td>Personen<\/td><td>69895<\/td><td>68468<\/td><td>67085<\/td><td>66105<\/td><td>65608<\/td><td>64924<\/td><td>64193<\/td><td>63922<\/td><td>63549<\/td><\/tr><tr><td><p>Abwasseranschlussgrad<\/p><\/td><td>%<\/td><td>95,6<\/td><td>95,9<\/td><td>96,0<\/td><td>96,2<\/td><td>96,3<\/td><td>96,4<\/td><td>96,3<\/td><td>96,4<\/td><td>96,4<\/td><\/tr><tr><td>Anzahl Kl\u00e4ranlagen<\/td><td>St\u00fcck<\/td><td>1<\/td><td>1<\/td><td>1<\/td><td>1<\/td><td>1<\/td><td>1<\/td><td>1<\/td><td>1<\/td><td>1<\/td><\/tr><tr><td><p>Kapazit\u00e4t Trockenwetterabfluss<\/p><\/td><td>m\u00b3\/h<\/td><td>1.630<\/td><td>1.630<\/td><td>1.630<\/td><td>1.630<\/td><td>1.630<\/td><td>1117<\/td><td>1117<\/td><td>1117<\/td><td>1117<\/td><\/tr><tr><td><p>Kapazit\u00e4t Regenwetterabfluss<\/p><\/td><td>m\u00b3\/h<\/td><td>3.260<\/td><td>3.260<\/td><td>3.260<\/td><td>3.260<\/td><td>3.260<\/td><td>1800<\/td><td>1800<\/td><td>1800<\/td><td>1800<\/td><\/tr><tr><td>Pumpwerke im Kanalnetz<\/td><td>St\u00fcck<\/td><td>96<\/td><td>97<\/td><td>98<\/td><td>99<\/td><td>102<\/td><td>105<\/td><td>105<\/td><td>106<\/td><td>106<\/td><\/tr><tr><td>L\u00e4nge Kanalnetz (einschl. Hausanschl\u00fcsse und Abwasserdruckleitungen)<\/td><td>km<\/td><td>500<\/td><td>506,4<\/td><td>513,7<\/td><td>521,4<\/td><td>528,5<\/td><td>538,5<\/td><td>539,1<\/td><td>541,3<\/td><td>542,2<\/td><\/tr><\/tbody><\/table>\n            <\/div><\/div>\t\t\t\t<\/div>\n\t\t\t\t<\/div>\n\t\t\t\t<div class=\"elementor-element elementor-element-73b0b0e elementor-widget elementor-widget-text-editor\" data-id=\"73b0b0e\" data-element_type=\"widget\" data-e-type=\"widget\" data-widget_type=\"text-editor.default\">\n\t\t\t\t<div class=\"elementor-widget-container\">\n\t\t\t\t\t\t\t\t\t<p>* Eingemeindung von Sieversdorf in Jacobsdorf<\/p>\t\t\t\t\t\t\t\t<\/div>\n\t\t\t\t<\/div>\n\t\t\t\t<div class=\"elementor-element elementor-element-b4d774d elementor-widget elementor-widget-spacer\" data-id=\"b4d774d\" data-element_type=\"widget\" data-e-type=\"widget\" data-widget_type=\"spacer.default\">\n\t\t\t\t<div class=\"elementor-widget-container\">\n\t\t\t\t\t\t\t<div class=\"elementor-spacer\">\n\t\t\t<div class=\"elementor-spacer-inner\"><\/div>\n\t\t<\/div>\n\t\t\t\t\t\t<\/div>\n\t\t\t\t<\/div>\n\t\t\t\t\t<\/div>\n\t\t<\/div>\n\t\t\t\t\t<\/div>\n\t\t<\/section>\n\t\t\t\t<\/div>\n\t\t","protected":false},"excerpt":{"rendered":"<p>Kennzahlen 2003 &#8211; 2011 2003 2004 2005 2006 2007 2008 2009 2010 2011 Bilanzzahlen (in Mio. EUR) Anlageverm\u00f6gen 105,2 103,1 100,6 100,0 104,3 105,0 101,0 98,7 97,1 Umlaufverm\u00f6gen 12,4 11,4 12,9 10,8 9,8 8,6 9,1 8,3 9,5 Rechnungsabgrenzungsposten 0,010 0,011 0,010 0,014 0,012 0,018 0,016 0,013 0,010 Eigenkapital 12,6 13,2 14,5 14,9 16,4 17,9 19 [&hellip;]<\/p>\n","protected":false},"author":1,"featured_media":0,"parent":6589,"menu_order":0,"comment_status":"closed","ping_status":"closed","template":"","meta":{"footnotes":""},"class_list":["post-1776","page","type-page","status-publish","hentry"],"_links":{"self":[{"href":"https:\/\/www.fwa-ffo.de\/wp2\/wp-json\/wp\/v2\/pages\/1776","targetHints":{"allow":["GET"]}}],"collection":[{"href":"https:\/\/www.fwa-ffo.de\/wp2\/wp-json\/wp\/v2\/pages"}],"about":[{"href":"https:\/\/www.fwa-ffo.de\/wp2\/wp-json\/wp\/v2\/types\/page"}],"author":[{"embeddable":true,"href":"https:\/\/www.fwa-ffo.de\/wp2\/wp-json\/wp\/v2\/users\/1"}],"replies":[{"embeddable":true,"href":"https:\/\/www.fwa-ffo.de\/wp2\/wp-json\/wp\/v2\/comments?post=1776"}],"version-history":[{"count":0,"href":"https:\/\/www.fwa-ffo.de\/wp2\/wp-json\/wp\/v2\/pages\/1776\/revisions"}],"up":[{"embeddable":true,"href":"https:\/\/www.fwa-ffo.de\/wp2\/wp-json\/wp\/v2\/pages\/6589"}],"wp:attachment":[{"href":"https:\/\/www.fwa-ffo.de\/wp2\/wp-json\/wp\/v2\/media?parent=1776"}],"curies":[{"name":"wp","href":"https:\/\/api.w.org\/{rel}","templated":true}]}}