{"id":10875,"date":"2025-10-15T12:36:27","date_gmt":"2025-10-15T10:36:27","guid":{"rendered":"https:\/\/www.fwa-ffo.de\/wp2\/?page_id=10875"},"modified":"2025-11-25T14:04:57","modified_gmt":"2025-11-25T13:04:57","slug":"standrohrausleihe","status":"publish","type":"page","link":"https:\/\/www.fwa-ffo.de\/wp2\/trinkwasser\/standrohrausleihe\/","title":{"rendered":"Standrohrausleihe"},"content":{"rendered":"\t\t<div data-elementor-type=\"wp-page\" data-elementor-id=\"10875\" class=\"elementor elementor-10875\" data-elementor-post-type=\"page\">\n\t\t\t\t\t\t<section class=\"elementor-section elementor-top-section elementor-element elementor-element-de39c28 elementor-section-boxed elementor-section-height-default elementor-section-height-default\" data-id=\"de39c28\" data-element_type=\"section\" data-e-type=\"section\">\n\t\t\t\t\t\t<div class=\"elementor-container elementor-column-gap-default\">\n\t\t\t\t\t<div class=\"elementor-column elementor-col-100 elementor-top-column elementor-element elementor-element-7a4a521\" data-id=\"7a4a521\" data-element_type=\"column\" data-e-type=\"column\">\n\t\t\t<div class=\"elementor-widget-wrap elementor-element-populated\">\n\t\t\t\t\t\t<div class=\"elementor-element elementor-element-ecaa009 elementor-widget elementor-widget-heading\" data-id=\"ecaa009\" data-element_type=\"widget\" data-e-type=\"widget\" data-widget_type=\"heading.default\">\n\t\t\t\t<div class=\"elementor-widget-container\">\n\t\t\t\t\t<h2 class=\"elementor-heading-title elementor-size-default\">Standrohrausleihe<\/h2>\t\t\t\t<\/div>\n\t\t\t\t<\/div>\n\t\t\t\t\t<\/div>\n\t\t<\/div>\n\t\t\t\t\t<\/div>\n\t\t<\/section>\n\t\t\t\t<section class=\"elementor-section elementor-top-section elementor-element elementor-element-ded0170 elementor-section-boxed elementor-section-height-default elementor-section-height-default\" data-id=\"ded0170\" data-element_type=\"section\" data-e-type=\"section\">\n\t\t\t\t\t\t<div class=\"elementor-container elementor-column-gap-default\">\n\t\t\t\t\t<div class=\"elementor-column elementor-col-100 elementor-top-column elementor-element elementor-element-12a4676\" data-id=\"12a4676\" data-element_type=\"column\" data-e-type=\"column\">\n\t\t\t<div class=\"elementor-widget-wrap elementor-element-populated\">\n\t\t\t\t\t\t<div class=\"elementor-element elementor-element-8b80e5a elementor-widget elementor-widget-spacer\" data-id=\"8b80e5a\" data-element_type=\"widget\" data-e-type=\"widget\" data-widget_type=\"spacer.default\">\n\t\t\t\t<div class=\"elementor-widget-container\">\n\t\t\t\t\t\t\t<div class=\"elementor-spacer\">\n\t\t\t<div class=\"elementor-spacer-inner\"><\/div>\n\t\t<\/div>\n\t\t\t\t\t\t<\/div>\n\t\t\t\t<\/div>\n\t\t\t\t\t<\/div>\n\t\t<\/div>\n\t\t\t\t\t<\/div>\n\t\t<\/section>\n\t\t\t\t<section class=\"elementor-section elementor-top-section elementor-element elementor-element-cf45eba elementor-section-boxed elementor-section-height-default elementor-section-height-default\" data-id=\"cf45eba\" data-element_type=\"section\" data-e-type=\"section\">\n\t\t\t\t\t\t<div class=\"elementor-container elementor-column-gap-default\">\n\t\t\t\t\t<div class=\"elementor-column elementor-col-100 elementor-top-column elementor-element elementor-element-80fe1fc\" data-id=\"80fe1fc\" data-element_type=\"column\" data-e-type=\"column\">\n\t\t\t<div class=\"elementor-widget-wrap elementor-element-populated\">\n\t\t\t\t\t\t<div class=\"elementor-element elementor-element-4312c9e elementor-widget elementor-widget-text-editor\" data-id=\"4312c9e\" data-element_type=\"widget\" data-e-type=\"widget\" data-widget_type=\"text-editor.default\">\n\t\t\t\t<div class=\"elementor-widget-container\">\n\t\t\t\t\t\t\t\t\tWer tempor\u00e4r Wasser aus dem \u00f6ffentlichen Trinkwassernetz entnehmen m\u00f6chte \u2013 sei es Privatperson oder Firma \u2013, ben\u00f6tigt ein Standrohr. Die Gr\u00fcnde daf\u00fcr sind vielf\u00e4ltig: anstehende Bauma\u00dfnahmen, das Bef\u00fcllen des Pools, die gro\u00dffl\u00e4chige Bew\u00e4sserung von Pflanzen oder auch \u00f6ffentliche Feste.\t\t\t\t\t\t\t\t<\/div>\n\t\t\t\t<\/div>\n\t\t\t\t\t<\/div>\n\t\t<\/div>\n\t\t\t\t\t<\/div>\n\t\t<\/section>\n\t\t\t\t<section class=\"elementor-section elementor-top-section elementor-element elementor-element-7a330c3 elementor-section-boxed elementor-section-height-default elementor-section-height-default\" data-id=\"7a330c3\" data-element_type=\"section\" data-e-type=\"section\">\n\t\t\t\t\t\t<div class=\"elementor-container elementor-column-gap-default\">\n\t\t\t\t\t<div class=\"elementor-column elementor-col-100 elementor-top-column elementor-element elementor-element-e5c9286\" data-id=\"e5c9286\" data-element_type=\"column\" data-e-type=\"column\">\n\t\t\t<div class=\"elementor-widget-wrap elementor-element-populated\">\n\t\t\t\t\t\t<section class=\"elementor-section elementor-inner-section elementor-element elementor-element-b144a50 elementor-section-boxed elementor-section-height-default elementor-section-height-default\" data-id=\"b144a50\" data-element_type=\"section\" data-e-type=\"section\">\n\t\t\t\t\t\t<div class=\"elementor-container elementor-column-gap-default\">\n\t\t\t\t\t<div class=\"elementor-column elementor-col-50 elementor-inner-column elementor-element elementor-element-3c91d2e\" data-id=\"3c91d2e\" data-element_type=\"column\" data-e-type=\"column\">\n\t\t\t<div class=\"elementor-widget-wrap elementor-element-populated\">\n\t\t\t\t\t\t<div class=\"elementor-element elementor-element-8ec7bd5 elementor-widget elementor-widget-text-editor\" data-id=\"8ec7bd5\" data-element_type=\"widget\" data-e-type=\"widget\" data-widget_type=\"text-editor.default\">\n\t\t\t\t<div class=\"elementor-widget-container\">\n\t\t\t\t\t\t\t\t\t<p><strong><u>So leihen Sie ein Standrohr aus: <\/u><\/strong><\/p><ol><li>Kontaktieren Sie unseren Lagerverwalter (Henrik Michaelis) unter T. 0335 55869-365 oder per E-Mail unter henrik.michaelis@fwa-ffo.de und vereinbaren einen Termin.<\/li><li>Vor dem Termin \u00fcberweisen Sie die Kaution mit dem Betreff \u201eKaution Standrohr\u201c auf das Konto der FWA <br \/>IBAN DE72 1705 5050 3310 0108 98. Die H\u00f6he der zu leistenden Kaution entnehmen Sie bitte unserem <a href=\"https:\/\/www.fwa-ffo.de\/wp2\/preise\/\" target=\"_blank\" rel=\"noopener\">aktuellen Preisblatt<\/a> (Punkt 3.1) oder erfragen Sie bei unserem Lagerverwalter.<\/li><li>Termin: Sie bringen den Zahlungsbeleg mit. Alternativ k\u00f6nnen Sie die Kaution vor Ort per Kartenzahlung begleichen.\u00a0Nach Unterzeichnung des von der FWA vorbereiteten Vertrages wird das Standrohr ausgegeben.<\/li><li>R\u00fcckgabe des Standrohres: Der Z\u00e4hlerstand wird abgelesen und das Rohr auf m\u00f6gliche Sch\u00e4den \u00fcberpr\u00fcft. Ist alles in Ordnung, wird der Mietvertrag schriftlich beendet.<\/li><li>Ein Abrechnungsbogen \u00fcber Mietdauer und Verbrauch sowie eine Rechnung werden erstellt.<\/li><li>Nach dem Begleichen der Rechnung wird Ihnen die Kaution zur\u00fcckerstattet.<\/li><\/ol>\t\t\t\t\t\t\t\t<\/div>\n\t\t\t\t<\/div>\n\t\t\t\t\t<\/div>\n\t\t<\/div>\n\t\t\t\t<div class=\"elementor-column elementor-col-50 elementor-inner-column elementor-element elementor-element-a2c33e0\" data-id=\"a2c33e0\" data-element_type=\"column\" data-e-type=\"column\">\n\t\t\t<div class=\"elementor-widget-wrap elementor-element-populated\">\n\t\t\t\t\t\t<div class=\"elementor-element elementor-element-1006a71 elementor-widget elementor-widget-image\" data-id=\"1006a71\" data-element_type=\"widget\" data-e-type=\"widget\" data-widget_type=\"image.default\">\n\t\t\t\t<div class=\"elementor-widget-container\">\n\t\t\t\t\t\t\t\t\t\t\t\t\t\t\t<img decoding=\"async\" src=\"https:\/\/www.fwa-ffo.de\/wp2\/wp-content\/uploads\/Standrohr_Lager-scaled.jpg\" title=\"\" alt=\"Bild eines Mitarbeiters mit einem Standrohr\" loading=\"lazy\" \/>\t\t\t\t\t\t\t\t\t\t\t\t\t\t\t<\/div>\n\t\t\t\t<\/div>\n\t\t\t\t\t<\/div>\n\t\t<\/div>\n\t\t\t\t\t<\/div>\n\t\t<\/section>\n\t\t\t\t\t<\/div>\n\t\t<\/div>\n\t\t\t\t\t<\/div>\n\t\t<\/section>\n\t\t\t\t<section class=\"elementor-section elementor-top-section elementor-element elementor-element-f50e3e0 elementor-section-boxed elementor-section-height-default elementor-section-height-default\" data-id=\"f50e3e0\" data-element_type=\"section\" data-e-type=\"section\">\n\t\t\t\t\t\t<div class=\"elementor-container elementor-column-gap-default\">\n\t\t\t\t\t<div class=\"elementor-column elementor-col-100 elementor-top-column elementor-element elementor-element-33c3f2c\" data-id=\"33c3f2c\" data-element_type=\"column\" data-e-type=\"column\">\n\t\t\t<div class=\"elementor-widget-wrap elementor-element-populated\">\n\t\t\t\t\t\t<div class=\"elementor-element elementor-element-ab2dbbc elementor-widget elementor-widget-text-editor\" data-id=\"ab2dbbc\" data-element_type=\"widget\" data-e-type=\"widget\" data-widget_type=\"text-editor.default\">\n\t\t\t\t<div class=\"elementor-widget-container\">\n\t\t\t\t\t\t\t\t\t<p><span style=\"text-decoration: underline;\"><strong>Bitte beachten Sie:<\/strong><\/span> Bislang konnte f\u00fcr das ausgeliehene Standrohr bei der FWA eine Kaution in bar hinterlegt werden.\u00a0<br \/>Das ist ab 1. Januar 2026 nicht mehr m\u00f6glich. Um die Abrechnung zu vereinfachen, ist die Kaution k\u00fcnftig per Vorab\u00fcberweisung zu entrichten. Gleichzeitig wird eine Kartenzahlung vor Ort bei der FWA im Buschm\u00fchlenweg m\u00f6glich sein.<\/p>\t\t\t\t\t\t\t\t<\/div>\n\t\t\t\t<\/div>\n\t\t\t\t\t<\/div>\n\t\t<\/div>\n\t\t\t\t\t<\/div>\n\t\t<\/section>\n\t\t\t\t<\/div>\n\t\t","protected":false},"excerpt":{"rendered":"<p>Standrohrausleihe Wer tempor\u00e4r Wasser aus dem \u00f6ffentlichen Trinkwassernetz entnehmen m\u00f6chte \u2013 sei es Privatperson oder Firma \u2013, ben\u00f6tigt ein Standrohr. Die Gr\u00fcnde daf\u00fcr sind vielf\u00e4ltig: anstehende Bauma\u00dfnahmen, das Bef\u00fcllen des Pools, die gro\u00dffl\u00e4chige Bew\u00e4sserung von Pflanzen oder auch \u00f6ffentliche Feste. So leihen Sie ein Standrohr aus: Kontaktieren Sie unseren Lagerverwalter (Henrik Michaelis) unter T. 0335 [&hellip;]<\/p>\n","protected":false},"author":1,"featured_media":0,"parent":6567,"menu_order":0,"comment_status":"closed","ping_status":"closed","template":"","meta":{"footnotes":""},"class_list":["post-10875","page","type-page","status-publish","hentry"],"_links":{"self":[{"href":"https:\/\/www.fwa-ffo.de\/wp2\/wp-json\/wp\/v2\/pages\/10875","targetHints":{"allow":["GET"]}}],"collection":[{"href":"https:\/\/www.fwa-ffo.de\/wp2\/wp-json\/wp\/v2\/pages"}],"about":[{"href":"https:\/\/www.fwa-ffo.de\/wp2\/wp-json\/wp\/v2\/types\/page"}],"author":[{"embeddable":true,"href":"https:\/\/www.fwa-ffo.de\/wp2\/wp-json\/wp\/v2\/users\/1"}],"replies":[{"embeddable":true,"href":"https:\/\/www.fwa-ffo.de\/wp2\/wp-json\/wp\/v2\/comments?post=10875"}],"version-history":[{"count":0,"href":"https:\/\/www.fwa-ffo.de\/wp2\/wp-json\/wp\/v2\/pages\/10875\/revisions"}],"up":[{"embeddable":true,"href":"https:\/\/www.fwa-ffo.de\/wp2\/wp-json\/wp\/v2\/pages\/6567"}],"wp:attachment":[{"href":"https:\/\/www.fwa-ffo.de\/wp2\/wp-json\/wp\/v2\/media?parent=10875"}],"curies":[{"name":"wp","href":"https:\/\/api.w.org\/{rel}","templated":true}]}}